 what is 2 + 2ae151?
2ae153
In base 10, what is 0 + 1089061?
1089061
In base 5, what is 4230244 + 31?
4230330
In base 8, what is 1210134522 + -3?
1210134517
In base 3, what is -201 - 1021222202020?
-1021222202221
In base 3, what is -1020220210 - -122022121?
-121121012
In base 6, what is 3 + -11035022334?
-11035022331
In base 4, what is 1002231132232 - 1?
1002231132231
In base 2, what is -1110011101100000000 - 110010?
-1110011101100110010
In base 11, what is 212a79 + 161?
21312a
In base 15, what is -2c8 - 1249?
-1522
In base 7, what is 146364620 - 5?
146364612
In base 5, what is 1211302231 - 3?
1211302223
In base 3, what is 1 - -202121021222222?
202121022000000
In base 9, what is 11582547 + 101?
11582648
In base 16, what is 4 + 2a8b727?
2a8b72b
In base 3, what is -102 - -110222022012?
110222021210
In base 13, what is 64 + 83aba?
83b51
In base 10, what is -377030 + 20?
-377010
In base 14, what is -2 - 154b9?
-154bb
In base 3, what is -21120202222 + 12220?
-21120120002
In base 8, what is 11230562 + -5?
11230555
In base 7, what is -2 + 2146645624?
2146645622
In base 8, what is -1320172 + 674?
-1317276
In base 13, what is -1c85 + -8ac?
-2864
In base 14, what is 71cd909 + -3?
71cd906
In base 9, what is 4 + -82170401?
-82170386
In base 6, what is -552324 + -1201?
-553525
In base 16, what is -cdf202 - 4b?
-cdf24d
In base 3, what is 112201211022 + 212?
112201212011
In base 4, what is 1021130 - -10310210?
11332000
In base 10, what is -107 - 1006112?
-1006219
In base 15, what is 13 - -976?
989
In base 12, what is -46631 - 207?
-46838
In base 3, what is -220211011112020 - -202?
-220211011111111
In base 7, what is -14205 + -131622?
-146130
In base 13, what is b + 44ba?
44c8
In base 12, what is -13044117 - 4?
-1304411b
In base 12, what is -4ab + -17a65?
-18354
In base 16, what is -1 - -97c98?
97c97
In base 12, what is 7b9674 + -3?
7b9671
In base 11, what is -2565 + -610?
-3075
In base 14, what is -aabbc6c - 3?
-aabbc71
In base 9, what is -2 - -137677215?
137677213
In base 3, what is 1000012000 + 11012121?
1011101121
In base 13, what is -cb19 + -9?
-cb25
In base 11, what is -72a0 - 2189?
-9479
In base 4, what is 113333201213 + 1?
113333201220
In base 10, what is -22 + -340939?
-340961
In base 9, what is 210231246 - 1?
210231245
In base 3, what is 222212101110 - -10022?
222212111202
In base 13, what is 69 + 17938?
179a4
In base 13, what is -3 - -1773786?
1773783
In base 6, what is -51225523 + 2?
-51225521
In base 7, what is -613153434 + 3?
-613153431
In base 10, what is 1 + -2465487?
-2465486
In base 7, what is 466041 + -1533?
464205
In base 9, what is 5 - 204421157?
-204421152
In base 12, what is -81073 + 4b?
-81024
In base 14, what is 15899b + -60?
15893b
In base 11, what is a9179 - -38?
a9206
In base 3, what is 1122 - -12111001110211?
12111001112110
In base 11, what is 1397aa3 + -10?
1397a93
In base 6, what is 220254 + 354311?
1015005
In base 10, what is 15347745 - 5?
15347740
In base 5, what is 1103113 + 14011?
1122124
In base 5, what is 201 + -10230321200?
-10230320444
In base 6, what is 2113221242 - -52?
2113221334
In base 15, what is 20 - 4548c?
-4546c
In base 12, what is 0 - 8684247?
-8684247
In base 16, what is -52c93a + -1e?
-52c958
In base 14, what is 17 + 46c9b9?
46c9d2
In base 11, what is 38 - 251020a?
-2510182
In base 11, what is -55 + 455907?
455862
In base 14, what is -779ac - -6c?
-77940
In base 2, what is -100010011101 + -11010100101011?
-11110111001000
In base 9, what is 7731725 + 2?
7731727
In base 4, what is -221323131 - -1210?
-221321321
In base 3, what is 222111010212 + -1?
222111010211
In base 9, what is 28427805 + -4?
28427801
In base 15, what is -2ae + 13dd8?
13b29
In base 9, what is 1 + -181410510?
-181410508
In base 4, what is -1113 + 33003333?
33002220
In base 2, what is 1011011100111 - -1001111010?
1100101100001
In base 6, what is 25334 - -243502?
313240
In base 14, what is -44b509 + 8?
-44b501
In base 16, what is -1992932 - 9?
-199293b
In base 12, what is -10a44aa - -2b?
-10a447b
In base 11, what is -19151 + 238?
-18a14
In base 15, what is 7 - -2c6cc1?
2c6cc8
In base 8, what is 4 + 40114?
40120
In base 12, what is -176a7 + 9786?
-9b21
In base 10, what is 5 - 224222?
-224217
In base 10, what is -11892 - 298?
-12190
In base 12, what is 117a - 23898?
-2271a
In base 5, what is 12012134143 + 2?
12012134200
In base 9, what is 2827857 - 30?
2827827
In base 16, what is 12 - -37a747?
37a759
In base 15, what is -6 - 2eb8339?
-2eb8340
In base 8, what is 334717325 - 2?
334717323
In base 14, what is 479 + 30d0?
3569
In base 14, what is 9 - d3548a?
-d35481
In base 7, what is 364264 + -3?
364261
In base 7, what is 10245 - -562542?
603120
In base 11, what is -3a36 + -33223?
-37159
In base 2, what is 10 + 110011101001000111100?
110011101001000111110
In base 15, what is -15 - -a41732?
a4171c
In base 12, what is 3 + 1a334733?
1a334736
In base 10, what is -4022887 + 4?
-4022883
In base 15, what is dc649 + 11?
dc65a
In base 12, what is 41899bb - 5?
41899b6
In base 6, what is 1135541 + -554?
1134543
In base 11, what is 1 + 679774a9?
679774aa
In base 14, what is -3ba4 + 4986?
bc2
In base 15, what is 17e73a + -1ab?
17e57e
In base 3, what is -11 + -2001022122002?
-2001022122020
In base 13, what is 4 - -4770a18?
4770a1c
In base 13, what is 7c - -95574?
95623
In base 7, what is -140 - 146010?
-146150
In base 8, what is -12632523 + -2?
-12632525
In base 14, what is 193 - 801a?
-7c67
In base 6, what is 1442 + 142342?
144224
In base 10, what is 5 - -1975731?
1975736
In base 12, what is 200b58 - 331?
200827
In base 8, what is -405 + -577423?
-600030
In base 9, what is -7 + -24714356?
-24714364
In base 6, what is -54101011 + -103?
-54101114
In base 6, what is -13411343 + 132?
-13411211
In base 4, what is 103 + 100031311?
100032020
In base 10, what is -23321 - 1129?
-24450
In base 5, what is -1432003010 + 20?
-1432002440
In base 14, what is 24b5632 - -2?
24b5634
In base 8, what is 134672 + -6266?
126404
In base 11, what is 215770 + -3a?
215731
In base 8, what is 67 + 7172223?
7172312
In base 13, what is 5021 + 2ba3?
7bc4
In base 5, what is 21 + -4224002?
-4223431
In base 3, what is -1221220211 + -21111210?
-2020102121
In base 10, what is -6 - 7739701?
-7739707
In base 12, what is 0 - -5479155?
5479155
In base 13, what is -2 - 5789320?
-5789322
In base 16, what is cff1ce - 7?
cff1c7
In base 13, what is 5981410 - 4?
5981409
In base 3, what is 1020020122222100 + -2002?
1020020122220021
In base 7, what is 20253343 - 36?
20253304
In base 15, what is 2 - 88a9523?
-88a9521
In base 4, what is -1202 + -1103313022?
-1103320230
In base 8, what is 2574 - 56077?
-53303
In base 9, what is 25572 + -21158?
4413
In base 16, what is -d4549 - -b?
-d453e
In base 2, what is -111011110001011010111011000 - -101?
-111011110001011010111010011
In base 15, what is -1ddd - -606?
-17d7
In base 10, what is -6249 + 19439?
13190
In base 9, what is -100 - 30063?
-30163
In base 5, what is 423244 + -11322?
411422
In base 4, what is 2001103 - -132030110?
200031213
In base 12, what is 947aa46 - -12?
947aa58
In base 7, what is 66533 + 341?
100204
In base 7, what is 23 + 1254141043?
1254141066
In base 16, what is 15d6e - d0?
15c9e
In base 16, what is 271 - -18a36?
18ca7
In base 16, what is 1b2e - 68?
1ac6
In base 5, what is 11002 - -1303202?
1314204
In base 14, what is -578d85 - -1?
-578d84
In base 10, what is 991299 - -1?
991300
In base 12, what is -12301ab0 - -5?
-12301aa7
In base 7, what is 2002252 - 4523?
1664426
In base 6, what is -12334 - 2330112?
-2342450
In base 5, what is 12301333 + 424?
12302312
In base 15, what is 16ebe - 269?
16c55
In base 14, what is -5da5592b - 1?
-5da5592c
In base 14, what is -205 + -147a4d?
-147c54
In base 3, what is -12 - -12211000101002100?
12211000101002011
In base 4, what is -21033033 - -1001123?
-20031310
In base 2, what is -101 + -1010010100110010100111001?
-1010010100110010100111110
In base 14, what is 4 - -141b845?
141b849
In base 9, what is 8857847 + 7?
8857855
In base 8, what is 0 + -263413162?
-263413162
In base 13, what is -2110b5a - 16?
-2110b73
In base 14, what is 6d - 342a0?
-34231
In base 7, what is 2146 + 2014306?
2016455
In base 9, what is -20 + -4864751?
-4864771
In base 2, what is 1010011000000000011010000 + 11?
1010011000000000011010011
In b